
What is the hundreds digit of 270064798?
7
What is the thousands digit of 1909809788?
9
What is the hundred thousands digit of 3575828965?
8
What is the hundreds digit of 1647322608?
6
What is the hundreds digit of 3658135514?
5
What is the hundred millions digit of 754877002?
7
What is the thousands digit of 137158985?
8
What is the millions digit of 26566354?
6
What is the millions digit of 933247074?
3
What is the thousands digit of 13635288?
5
What is the millions digit of 115026628?
5
What is the ten millions digit of 3932519246?
3
What is the thousands digit of 18843896?
3
What is the thousands digit of 17847545?
7
What is the hundred thousands digit of 354538795?
5
What is the ten thousands digit of 892715738?
1
What is the units digit of 2624059062?
2
What is the hundred thousands digit of 91223238?
2
What is the hundreds digit of 40092658?
6
What is the millions digit of 37393395?
7
What is the hundreds digit of 44015791?
7
What is the tens digit of 43325510?
1
What is the millions digit of 152077787?
2
What is the millions digit of 502921323?
2
What is the ten thousands digit of 140654019?
5
What is the hundreds digit of 5535838?
8
What is the tens digit of 575532901?
0
What is the hundred thousands digit of 1047581259?
5
What is the hundreds digit of 50371905?
9
What is the thousands digit of 433748470?
8
What is the millions digit of 375659485?
5
What is the units digit of 2492761095?
5
What is the hundred thousands digit of 103091797?
0
What is the units digit of 370815552?
2
What is the tens digit of 303806033?
3
What is the tens digit of 104095393?
9
What is the hundreds digit of 280308696?
6
What is the ten thousands digit of 376627843?
2
What is the hundred thousands digit of 11711643?
7
What is the millions digit of 825952449?
5
What is the hundreds digit of 1175323860?
8
What is the hundreds digit of 36218881?
8
What is the ten thousands digit of 1024743701?
4
What is the units digit of 78037016?
6
What is the hundred millions digit of 690925735?
6
What is the millions digit of 739527443?
9
What is the ten thousands digit of 2573013187?
1
What is the thousands digit of 219638412?
8
What is the millions digit of 103558354?
3
What is the thousands digit of 1079626829?
6
What is the millions digit of 6848941?
6
What is the hundreds digit of 82199385?
3
What is the thousands digit of 263891208?
1
What is the ten millions digit of 46578167?
4
What is the ten millions digit of 4690804366?
9
What is the ten millions digit of 107212994?
0
What is the hundred thousands digit of 361293202?
2
What is the hundred thousands digit of 248478789?
4
What is the thousands digit of 55832725?
2
What is the hundreds digit of 186175118?
1
What is the tens digit of 374153215?
1
What is the billions digit of 4058543512?
4
What is the thousands digit of 654775714?
5
What is the units digit of 71781698?
8
What is the ten millions digit of 668068243?
6
What is the hundreds digit of 3673561018?
0
What is the thousands digit of 229013087?
3
What is the hundreds digit of 346381124?
1
What is the units digit of 123589185?
5
What is the ten millions digit of 46183225?
4
What is the millions digit of 44726188?
4
What is the tens digit of 4691176613?
1
What is the hundreds digit of 68910973?
9
What is the tens digit of 953257410?
1
What is the hundred millions digit of 1808517486?
8
What is the ten millions digit of 26382574?
2
What is the tens digit of 3472041522?
2
What is the hundred millions digit of 1380487971?
3
What is the millions digit of 48703361?
8
What is the tens digit of 9740709?
0
What is the ten thousands digit of 70248580?
4
What is the hundred millions digit of 395550261?
3
What is the millions digit of 82108040?
2
What is the ten thousands digit of 1264303692?
0
What is the hundreds digit of 4577203480?
4
What is the ten thousands digit of 423675312?
7
What is the hundred millions digit of 884275217?
8
What is the hundred thousands digit of 473983764?
9
What is the millions digit of 494969568?
4
What is the billions digit of 1348848100?
1
What is the tens digit of 1860343545?
4
What is the tens digit of 385286471?
7
What is the tens digit of 15406170?
7
What is the ten thousands digit of 13680488?
8
What is the units digit of 87883960?
0
What is the tens digit of 22092463?
6
What is the millions digit of 107853478?
7
What is the hundred thousands digit of 7839314?
8
What is the hundreds digit of 1533418419?
4
What is the tens digit of 3554010?
1
What is the units digit of 25902068?
8
What is the ten thousands digit of 743516886?
1
What is the hundreds digit of 821899292?
2
What is the millions digit of 601904410?
1
What is the tens digit of 1888402003?
0
What is the tens digit of 441091?
9
What is the hundreds digit of 21004122?
1
What is the hundred thousands digit of 1871924291?
9
What is the hundred millions digit of 585742613?
5
What is the units digit of 744391149?
9
What is the thousands digit of 72547537?
7
What is the units digit of 31981450?
0
What is the ten thousands digit of 2052162501?
6
What is the millions digit of 169006831?
9
What is the ten thousands digit of 1000614761?
1
What is the hundreds digit of 114098982?
9
What is the tens digit of 978081438?
3
What is the hundred thousands digit of 31316268?
3
What is the hundreds digit of 437330189?
1
What is the tens digit of 57935687?
8
What is the ten millions digit of 2493777904?
9
What is the ten thousands digit of 303306822?
0
What is the millions digit of 1937105396?
7
What is the ten thousands digit of 2941893505?
9
What is the millions digit of 239493798?
9
What is the units digit of 328161725?
5
What is the ten millions digit of 359274221?
5
What is the hundreds digit of 284072323?
3
What is the hundreds digit of 73271489?
4
What is the tens digit of 24419381?
8
What is the hundred thousands digit of 146057624?
0
What is the hundred millions digit of 137484018?
1
What is the thousands digit of 433375774?
5
What is the hundred millions digit of 2619677706?
6
What is the hundred thousands digit of 147764794?
7
What is the hundred thousands digit of 4010373093?
3
What is the hundreds digit of 96532896?
8
What is the thousands digit of 869593512?
3
What is the ten thousands digit of 9633060?
3
What is the units digit of 4449603073?
3
What is the hundred thousands digit of 584311695?
3
What is the hundred thousands digit of 162342482?
3
What is the ten thousands digit of 2676172076?
7
What is the millions digit of 755447194?
5
What is the thousands digit of 142789379?
9
What is the hundreds digit of 2826392374?
3
What is the tens digit of 1276990667?
6
What is the millions digit of 776100614?
6
What is the units digit of 129527225?
5
What is the units digit of 2294751198?
8
What is the tens digit of 484225270?
7
What is the billions digit of 1993887356?
1
What is the hundreds digit of 83287352?
3
What is the millions digit of 4213102320?
3
What is the millions digit of 7204559?
7
What is the hundred thousands digit of 51004683?
0
What is the hundreds digit of 10511849?
8
What is the ten thousands digit of 528797598?
9
What is the hundreds digit of 1071282162?
1
What is the hundreds digit of 73144092?
0
What is the units digit of 175691318?
8
What is the hundreds digit of 386367328?
3
What is the hundreds digit of 64466235?
2
What is the ten thousands digit of 10895926?
9
What is the thousands digit of 739113107?
3
What is the hundreds digit of 4489996719?
7
What is the hundred millions digit of 122198376?
1
What is the tens digit of 230148704?
0
What is the tens digit of 1045912448?
4
What is the tens digit of 147947456?
5
What is the ten thousands digit of 23878434?
7
What is the ten millions digit of 2667112345?
6
What is the units digit of 97000941?
1
What is the hundred thousands digit of 1382176773?
1
What is the hundred millions digit of 101419339?
1
What is the hundred thousands digit of 59806340?
8
What is the ten thousands digit of 77828514?
2
What is the millions digit of 259100030?
9
What is the thousands digit of 5483581674?
1
What is the tens digit of 65123049?
4
What is the ten thousands digit of 25824030?
2
What is the hundred millions digit of 7006330379?
0
What is the units digit of 57251229?
9
What is the tens digit of 1279022528?
2
What is the unit